*3 - 4*c**2 - 4*c - 3. Let k be g(-3). Let y = 57 - k. Let a be 4 - 2 - (-3 - (-6 + y)). Calculate q(a).
-1
Let j be 250/4 - (-21)/(-14). Suppose 5*f + 5 = 0, 2*f = -3*l + 3*f + j. Let h(t) = -4*t - t**2 - l*t + 26*t. Calculate h(2).
0
Let m(o) be the third derivative of -7*o**4/12 - 13*o**3/6 + 1496*o**2. What is m(-4)?
43
Suppose -x - 5*j = -5, 2*j + 2*j = -2*x + 16. Let g(d) = 24*d - 1 - 12*d - x*d. Give g(-6).
-13
Suppose t - 3 = -2, -5*v + 42 = -3*t. Let z(p) = 2*p - p + 10 + 0*p. What is z(v)?
19
Let r(a) = -2*a**2 - 27*a - 50. Let t be r(-9). Let w(o) = -12 - 1 - t*o - 35*o + 67*o. Give w(0).
-13
Let r be 52 - (-3)/(39/130)*-1. Let o(d) = d**2 - 44*d + 71. Give o(r).
-13
Let b be 1728/84*(-112)/6. Let o be (-2736)/b + (-2)/16. Let i(r) = -3*r + 0 - 3 + 4*r. Determine i(o).
4
Let j = -40 + 43. Suppose -2*p = -j*v + 9, -4*p + 4*v = -3*p + 17. Let g be ((-16)/4 - -4)/p. Let y(b) = b - 8. What is y(g)?
-8
Let g(t) = t**2 - 2*t + 3. Suppose m + 0 + 13 = 0. Let c = 7 - m. Suppose -4*r + c = r, -3*b + 10 = r. Determine g(b).
3
Suppose -20*j + 29*j - 144 = 0. Let w(m) = -3*m + 58. Let i be w(j). Let y(t) = -t**2 + 11*t - 5. What is y(i)?
5
Let p(a) = -a**3 + a**2 - a + 1. Let b(g) = 4*g**3 - g**2 + 6*g - 7. Let j(f) = b(f) + 5*p(f). Suppose 5*k = 45 + 5. Suppose 0 = -r - 8 + k. Give j(r).
8
Let w(c) = c**3 - c**2 - 4*c - 1. Let a(y) = y**3 - 10*y**2 - 3*y + 8. Let m be a(11). Let d be ((-8)/16)/(5/930). Let i = d + m. Calculate w(i).
5
Let x(z) be the third derivative of -z**5/30 + 5*z**4/12 + 5*z**3/2 + 259*z**2. What is x(6)?
3
Let w be 33/15*(-2 + 8 + -11). Let l(p) = 10*p + 112. Determine l(w).
2
Let g(f) = f - 1 + 7*f - 39*f**2 + 30*f**2 - f**3 + 4*f**2 + 7. Give g(-5).
-34
Let m = 17 + -5. Let o be m/(-15) - (-1)/(-5). Let d(b) be the third derivative of -b**6/24 + b**5/60 - b**3/6 - 39*b**2 + 3*b. What is d(o)?
5
Let x(g) = 20*g**2 - 4*g + 5. Let w(m) = -m**2 + m - 1. Let p(f) = -6*w(f) - x(f). Let d(v) = -v**3 + 12*v**2 - 6*v - 139. Let t be d(10). Give p(t).
-15
Let g(w) = -w**3 - 4*w**2 + 5*w - 5. Let u be g(-5). Let s(x) = -3*x - 5. Let f(k) = 1513 + 2*k - 752 - 758. Let l(i) = u*s(i) - 8*f(i). Calculate l(4).
-3
Let w(z) = -z**3 + 5*z**2 + 5*z + 7. Let j(y) = -8*y - 2*y**2 + 0*y**2 - 34 + 8 + 28*y. Let l be j(8). Calculate w(l).
1
Let z(t) be the second derivative of -1/2*t**2 - 7 + 1/6*t**3 + 15*t. Calculate z(-13).
-14
Suppose -o - 2*t = -6, -2*o + 33*t = 29*t - 20. Let d(s) = -3*s**2 + 17*s + 23. What is d(o)?
-33
Let f(y) = 402*y**3 - 17*y**2 + 8*y + 13. Let q(t) = -161*t**3 + 8*t**2 - 4*t - 6. Let m(h) = -2*f(h) - 5*q(h). Calculate m(5).
-1
Let u(a) = 3*a**2 - 12*a - 5. Let v = -8 + 3. Let p(t) = -4*t**2 + 13*t + 5. Let z(l) = v*p(l) - 6*u(l). Suppose 1413 = 2*w + 1421. Calculate z(w).
9
Let p(k) = -2*k**3 - 10*k + 2. Let f(q) = 9*q**3 + 30*q - 5. Let r(d) = f(d) + 3*p(d). Let a = 3 - 2. What is r(a)?
4
Let v(h) = -7*h**2 - h - 16. Let p(s) = -11*s**2 - 2*s - 24. Let o(b) = 5*p(b) - 8*v(b). Suppose -5*d = 29121 - 29121. What is o(d)?
8
Let g(j) = -9*j + 185. Let u(k) = -8*k + 170. Let l(t) = 10*g(t) - 11*u(t). Give l(-15).
10
Let g(b) = 2*b**2 + 6*b - 5. Suppose 33*x - 43*x + 30 = 0. What is g(x)?
31
Suppose 198*a - 204*a = -18. Let g(y) be the second derivative of y**3 + 2*y**2 + 16*y. Give g(a).
22
Let z(x) = 12*x**2 - 1. Suppose 0 = 49*n + 948 - 5064. Let a(s) = -s**3 + 8*s**2 + 2*s + 5. Let h be a(6). Suppose n = 5*y + h. Determine z(y).
11
Let l = -166 + 163. Let w(h) be the second derivative of h**4/12 + h**3/2 - 5*h**2/2 + 1207*h. Determine w(l).
-5
Let z(u) be the second derivative of -u**7/2520 + 7*u**6/720 - u**5/30 + u**4/12 - 7*u**2/2 - 5*u. Let k(g) be the third derivative of z(g). What is k(5)?
6
Let w(m) = 1 - 9*m + 4 - 7 - 2 - 5*m**3 + 14*m**2 + 5. Let p(t) = -4*t**3 + 13*t**2 - 6*t. Let g(v) = 6*p(v) - 5*w(v). Determine g(-7).
-19
Let h = 72 - 70. Let n = h - 22. Let r = n + 13. Let a(c) = c**3 + 7*c**2 + 10. Give a(r).
10
Let d(j) = -3*j - 42. Suppose 37 = -8*i + 4*z - 55, 2*z = -4*i - 18. Give d(i).
-18
Suppose 40 + 246 = 26*i. Let w(g) = 5*g**2 + 4*g**2 + 10*g**3 + 6*g**3 + i + 9*g - 17*g**3. Calculate w(10).
1
Let q = 157 + -161. Let c be (((-96)/21)/(-2))/(q/(-14)). Let f(h) = h**3 - 7*h**2 - 6*h + 4. Determine f(c).
20
Suppose -2*c - 2*c = 20. Let i(m) be the first derivative of -m**3/3 - 3*m**2/2 + 5*m - 25819. What is i(c)?
-5
Let k(g) = g**2 - 12*g + 5. Let q = 94 + -70. Let m be 30/4*(-2 - q/(-18)). Let s be m/30 + (-201)/(-18). What is k(s)?
-6
Suppose 283*l + 22 = 573*l - 292*l. Let u(c) = c**3 + 10*c**2 - 7*c - 13. Calculate u(l).
-57
Let m(n) = 48*n**2 - 4 + 52*n**2 - 102*n**2 - n - 11. Let l(j) be the second derivative of -j**4/12 - 4*j**2 - 2*j. Let i(r) = 5*l(r) - 3*m(r). Calculate i(-4).
9
Let v(p) be the first derivative of -3*p**2 + 3*p - 74. Let c(m) = m + 1. Let b(z) = -c(z) - v(z). Calculate b(3).
11
Let w be (-6)/9*(4 - (-92)/(-8)). Let t(z) = -2 + z - 2*z + 14 - w. What is t(5)?
2
Let p(z) = 3*z**3 + 21*z**2 - 2*z + 4. Let m(o) = o**3 + 2*o**2 - o - 1. Let y(r) = 2*m(r) - p(r). Give y(-17).
-6
Let x(m) = 30*m**3 + 7*m**2 - 12*m + 7. Let u be x(6). Let f(q) = -u - q**2 + 6674 + 6*q - q. Give f(6).
1
Let m(g) = 95*g**3 - 96*g**3 + 16*g + 1 - 5 - 14 - 11*g**2 - 6*g**2. Determine m(-18).
18
Let c(j) = -3*j**3 + 24*j**2 + 5. Let d be c(8). Suppose -3*a = -g - 14, a + 2 - d = 2*g. Let z(o) = -o**3 + 5*o**2 - 5*o - 4. What is z(a)?
-29
Let u be (-60)/(-400)*(-80)/(-6). Let f(w) = -16*w + 21. Let c(x) = -88*x + 116. Let m(z) = -5*c(z) + 28*f(z). Calculate m(u).
-8
Suppose -100*v + 18*v = -246. Let r(s) = 8 - 8 - v + s - 9*s + 4. Let g be (-9)/7 + 4/14. Determine r(g).
9
Let j(z) = -2*z**2 - 11*z - 117 - 3*z + 100. What is j(-8)?
-33
Suppose 0 = q - 3*s + 3, 15 = 5*s. Suppose 13*f + 14 = q*f. Let k(a) = -3*a - 3. What is k(f)?
3
Suppose 30 = 5*m - 4*p, -3*p + 0*p - 25 = -5*m. Let d(t) = -2*t**2 - 9 + 6 + 30*t - 13*t + 2*t**3 - 15*t. What is d(m)?
9
Let m(h) = 7 - 44 - 10 + 0*h + 3*h. Give m(20).
13
Let a(c) = -c**2 + 7*c + 6. Let f(q) be the second derivative of -13/2*q**2 - 7*q + 0 + 2*q**3 - 1/12*q**4. Let k be f(10). Determine a(k).
6
Suppose -5*a + 2*h = -7, -3 = -0*a - 5*a - 2*h. Let k(v) = 2*v**3 - v**2 - 2*v + 2. What is k(a)?
1
Suppose 0 = 5*u - 4*z - 16 - 3, 2 = -2*z. Let w(p) = -5*p**2 + 2 - 8*p**3 + 35*p**3 - 13*p**3 - 13*p**u + 3*p. Determine w(3).
-7
Let m = 24 - 30. Let o(x) = 6 - 8 - 8 + 6*x + x**2 + 16. What is o(m)?
6
Let w = -1731 - -1722. Let i(p) = 33*p - 72*p + 10 + 41*p. Calculate i(w).
-8
Suppose -123*d = 122*d + 93*d + 4056. Let p(y) = -y**3 - 9*y**2 + 38*y + 9. Calculate p(d).
-15
Suppose 0*u + 3*t - 10 = 2*u, -10 = -5*t. Let v be (0 - 4 - -8)*(-1)/u. Let w be (-2 - -7) + -2*v. Let s(r) = -3*r + 1. Calculate s(w).
-2
Let t(u) = -u**3 + 4*u. Suppose 0 = -4*r - 9*r + 26. Suppose 0 = 3*l + r - 11. Suppose 3 = -2*h + l*h. Determine t(h).
-15
Let v(w) = -2*w**2 - 7*w - 7. Suppose -5*x + 3*l = 18, 460*x = 459*x + l - 4. Calculate v(x).
-4
Let h be -2 - -3*(-6)/(-9). Let p be ((-6)/(-9) + h)/((-2)/(-3)). Let n(s) = -s + 3*s**2 + s**3 - s**2 - p + 3*s**2. Calculate n(-5).
4
Let w be (2 - -1 - 0) + 0. Suppose -w*x = -5*x. Let c(j) = x + 121*j - 132*j + 0. Determine c(1).
-11
Let r(t) = -2*t**2 + 6*t. Let h(i) = 2*i - i**3 + i**2 + 2*i**2 - 32 + 16 + 14. Suppose 4*v + 3*v = 21. Let f be h(v). What is r(f)?
-8
Let t(j) = 5*j**3 + 60*j**2 + 33*j + 58. Let k(v) = 4*v**3 + 52*v**2 + 32*v + 54. Let z(x) = -6*k(x) + 5*t(x). What is z(14)?
-20
Suppose 16*v + 6904 = -6*v + 7058. Let x(b) = b**2 + b - 46. Give x(v).
10
Let l = 432 - 430. Let q(b) = -1 - b - 10*b**2 + 3*b - b**2. Determine q(l).
-41
Let f(d) = -2*d**2 + 6*d + 4. Suppose -21*p = p. Suppose -g + 2*k + 7 = p, -3*g + 14 = k - 0*k. What is f(g)?
-16
Let v(p) be the second derivative of 4*p**2 + 0 + 1/3*p**3 + 46*p. Suppose 0 = -2*q - 8, -y - 22 = 4*q - 0*q. What is v(y)?
-4
Suppose 15 = 10*y - 5*y. Let n(u) = -8*u**2 + 4*u + 3. Determine n(y).
-57
Let h(f) = f**3 + 3*f**2 - 3*f - 2. Let d be 6*(2/(-4) - -1). Let n be (d + -10 + 2)*8/10. Let g(z) = -z**2 - 5*z - 7. Let q be g(n). Calculate h(q).
7
Let l(o) = -o**2 - 24*o + 71. Let f be l(-26). Let r(z) = 5*z - 93. Let d be r(f). Let h(m) = -5*m + 2. Determine h(d).
-8
Suppos